).
7
Suppose 2*v = -2*p + 36, 7 = -3*v + 1. Suppose -3*u + d = -26, p = 5*u - 3*d + 6*d. List the prime factors of u.
7
Suppose -3*r - 936 + 72 = 0. Let n be (-4)/(-14) - r/21. Suppose 3*q - 7 = n. What are the prime factors of q?
7
What are the prime factors of 16429/63 - 6/(-27)?
3, 29
Suppose 127 = -5*o - 4*p, 49 = -5*o - 2*p - 82. Let s = -7 - o. List the prime factors of s.
2, 5
Let i(n) = n**2 - 5*n - 8. Let o be i(7). Suppose 0 = 3*g - 5*u + 14, -3*g + o*u + 2 = 5*u. What are the prime factors of g?
2
Suppose 4*c + 0*c = 268. List the prime factors of c.
67
Let z = 11 - -15. Suppose -h + z = -5. List the prime factors of h.
31
Let h(w) = 6*w - 5. Let m(g) = 7*g**2 - g. Let y be m(1). Let i be h(y). Suppose i + 4 = 5*b. What are the prime factors of b?
7
List the prime factors of 18*(-2 - 14/(-4)).
3
Let j be -2 - (-51)/(-2 - -5). What are the prime factors of (-144)/(-10) + (-6)/j?
2, 7
Let p = -41 - -84. List the prime factors of p.
43
Let j(s) = 13*s + 56. List the prime factors of j(11).
199
Let k(z) = 40*z**3 + 2*z**2 - z. What are the prime factors of k(1)?
41
Let r(q) be the third derivative of q**6/30 - q**5/20 + q**4/12 - q**3/2 + 6*q**2. List the prime factors of r(2).
3, 7
Let d be (-1)/8 + (-289)/(-8). Suppose 9*v = 6*v + d. What are the prime factors of v?
2, 3
Suppose -u + 0*u + 24 = 0. List the prime factors of (u/1)/4 - -1.
7
Let m be 6*((-21)/(-6) + -3). Suppose -12 = 4*k + m*y, 2 + 6 = k - 2*y. Let p = k - -7. What are the prime factors of p?
7
List the prime factors of ((-13)/3 - -4) + (-968)/(-6).
7, 23
Let c = -92 - -505. List the prime factors of c.
7, 59
Let f(n) = -n + 1. Let b(w) = w**2 + w - 6. Let r(y) = -y**2 - y + 6. Let v(a) = -5*b(a) - 4*r(a). Let i(s) = 5*f(s) - v(s). List the prime factors of i(6).
11
Let a = 366 - 250. List the prime factors of a.
2, 29
Let o(k) = -k**3 + 5*k**2 + 6*k + 4. Let c be o(6). Let h = c + 4. What are the prime factors of h?
2
Let j be ((-2)/3)/((-4)/(-6)). Let u be ((-21)/3*j)/(-1). What are the prime factors of (-1 + u - -2)/(-1)?
2, 3
Let j = 5 + -3. Suppose 2*l - 9 = -m, 2*m - 8 = -0*l - j*l. What are the prime factors of l?
5
Let f = -115 + 132. List the prime factors of f.
17
Let g be 3 + (-4)/(-1 + 2). What are the prime factors of (-2)/(-4)*(19 + g)?
3
Suppose 2*o - 22 - 12 = 0. List the prime factors of o.
17
Let p(h) = h + 39. What are the prime factors of p(-10)?
29
Suppose -33 = 5*p + 7. Let j = p - -5. What are the prime factors of (-1 + 1/j)*-6?
2
Let j(r) = -r**3 + 9*r**2 + 12*r - 12. Let x(h) = -h**3 + 8*h**2 + 11*h - 11. Let d(a) = -3*j(a) + 4*x(a). What are the prime factors of d(6)?
2
Suppose -7 = -y + 9. What are the prime factors of y?
2
Let h = 282 + 4. What are the prime factors of h?
2, 11, 13
Suppose 4*a + 231 - 17 = 3*z, 0 = -5*z - 3*a + 318. List the prime factors of (-2)/(-5) + z/10.
7
Suppose 0 = 2*s + z + 13 - 120, -3*s + 2*z + 164 = 0. List the prime factors of s.
2, 3
Let o(c) = c**2 - c - 9. Let k be o(0). List the prime factors of (-33)/k - 6/9.
3
Let m be (-4)/6*(-54)/4. Let y(h) = h**2 + 4*h - 8. Let s be y(-6). Let v = m + s. List the prime factors of v.
13
Let k(g) = -10*g + 53. What are the prime factors of k(-21)?
263
List the prime factors of (-399)/(-27) + (-2)/(-9).
3, 5
Let l be (-2)/((-4)/70) - -3. Let k(b) = -38 + l + b. List the prime factors of k(11).
11
Let y(g) = g**3 + 6*g**2 + 4*g - 2. Let p be 3 - 6*4/3. What are the prime factors of y(p)?
3
Suppose 0 = -4*v - 2*q - 0 + 18, 6 = -2*v + 4*q. Suppose -12 = -5*s + v. List the prime factors of s.
3
Let b(t) = -t - 2. Let q be b(-5). Suppose -2*f - 24 = -6*f + 4*l, 2*f = q*l + 10. What are the prime factors of f?
2
Let r = -30 - -55. Suppose 0 = -4*f + 11 + r. What are the prime factors of f?
3
Suppose -1 = y, -6*r + 2*y = -4*r - 10. Let j = r + 1. Suppose 0 = -5*a + 3*v + 36, -6*a - j*v + 33 = -4*a. List the prime factors of a.
3
Let q = 2 - 4. Suppose 3 = 5*n - 2. List the prime factors of (q + -1)/(n/(-4)).
2, 3
Suppose -5*x = -3*x - 4. Suppose -x*t - 24 = -3*t. Suppose 0 = 4*o + t - 76. List the prime factors of o.
13
Suppose 12 = -0*j + 3*j. Suppose 4*o - 71 = -5*n, -j*n + 8*o - 3*o + 24 = 0. List the prime factors of n.
11
Suppose -3*d = -3*g + 96, -3*g + 0*g + 112 = d. What are the prime factors of g?
2, 3
What are the prime factors of -1 - ((-21)/(-2))/7*-74?
2, 5, 11
Let i(x) = -52*x - 54*x + 104*x - 8. Suppose -4*z - 3*n - 39 = 0, 3*z - 5*z = 4*n + 32. List the prime factors of i(z).
2
Suppose -3*u + 5*r = 78, -2*u + r + 104 = -6*u. Let f = 37 + u. List the prime factors of f.
11
Let i(w) = -3 - 1 + 31*w - w**2 - 38*w. List the prime factors of i(-3).
2
Suppose -4*y = -20, -12 = -5*g - y + 278. What are the prime factors of g?
3, 19
Suppose 13 = m - 0*m. Suppose -3*i - 4 = -m. What are the prime factors of i?
3
Let t(j) = -j**3 + 7*j**2 - 4*j + 4. Let q be t(6). Suppose -4*u + q = -4. What are the prime factors of u?
5
Let c(j) = j**3 - 3*j**2 + 4*j - 2. Let x be c(2). Suppose -x*h = 2, g - 10 - 7 = -2*h. List the prime factors of g.
19
Suppose -2*b + 7 = -q, 2*b = -7*q + 3*q - 18. Let j(o) = -o**2 - 7*o - 3. List the prime factors of j(q).
7
Let h(w) = -3*w - 4. Let p be h(-2). Suppose 2*r - 129 = -3*x, -p*x + 0*x + 2*r + 86 = 0. List the prime factors of x.
43
Suppose 1 = -w + 6. Suppose 3*a + 4 - 10 = -w*l, 3 = 5*l + 4*a. Suppose 36 = s + l*s. List the prime factors of s.
3
Let d = 57 + -39. Let v = 43 - d. Suppose q = 6*q - v. List the prime factors of q.
5
Suppose 5*o - 3*a - 289 = 0, -2*o - 2*a - 2*a + 126 = 0. Suppose m = 2*p + 23, -7*m = -2*m + 4*p - o. What are the prime factors of m?
3, 5
Let p(s) = -s**2 + 12*s - 12. Let x be p(9). Suppose 0 = -k + 20 + x. Suppose 0*u + k = 2*a + u, 0 = -2*a + 5*u + 5. What are the prime factors of a?
3, 5
What are the prime factors of (-6 - 5)/(-2 - -1)?
11
Suppose -4*c + 2*c + 255 = 5*w, -250 = -5*w - c. List the prime factors of w.
7
Suppose -28 = -5*g + 32. Suppose -2*o + g = -0*o. Let f = o - 2. List the prime factors of f.
2
Let u = 27 - 24. Let r(q) = 6*q**2 + q - 6. What are the prime factors of r(u)?
3, 17
Let p(u) = u**2 - 10*u - 1. Let c = 26 - 12. What are the prime factors of p(c)?
5, 11
Let w(g) = -g + 1. Let l(f) = -6*f**2 - f - 1. Let n be l(-1). Let i = n + 3. What are the prime factors of w(i)?
2
Let x(m) = 1 + 3*m - 2*m + 7. Suppose 9*y + 30 = 4*y. What are the prime factors of x(y)?
2
Suppose 116 = -33*k + 34*k. List the prime factors of k.
2, 29
Let z = -6 - -9. Suppose -3*h - z = -4*h. What are the prime factors of (6/5)/(h/15)?
2, 3
Suppose 5*d + 5*u = -5 + 30, 4*u = -5*d + 30. Suppose -5*x - 2*y = 3*y - d, 2*x + 3*y - 9 = 0. List the prime factors of ((-2)/x)/((-8)/(-108)).
3
Let s = -4 - -2. Let o be (-2)/(s*2/6). Suppose r - o = -1. List the prime factors of r.
2
Suppose 5*m + 18 = 4*l - 11, 5*l = -m. Let n be l/5 - 49/(-5). List the prime factors of -7 + n + 2 + 0.
5
Let q(v) = v**2 + 4*v - 2. Let f be q(-6). Suppose -f = -4*l + 18. What are the prime factors of l?
7
Suppose 0*w - w + 2 = 0. Let j(k) = -k**2 + 6*k - 6. Let h be j(4). What are the prime factors of (3*1)/(h/w)?
3
Let a(p) = p**3 - 6*p**2 + 2*p. Let b be (-2 - 4/(-8))*-4. What are the prime factors of a(b)?
2, 3
Let c = 4 - 0. Suppose 4*d + c - 44 = 0. List the prime factors of d.
2, 5
Suppose 5*y + 12 = -3*b - 1, 0 = -y + 5*b + 3. Let h(i) = 3*i + 3*i - 8*i. List the prime factors of h(y).
2
Let q be ((-4)/(-5))/(2/(-10)). Let a(d) = d**2 + 11*d - 22. Let l be a(-17). List the prime factors of ((-1)/2)/(q/l).
2, 5
Suppose -4 + 1 = 3*r, -68 = -g + r. List the prime factors of g.
67
Suppose -1 = 4*w - 5*q, 0*w = 5*w + 3*q - 45. Suppose -5*p - 2*b + 0*b = -60, 0 = -3*b. Let a = p - w. What are the prime factors of a?
2, 3
Let p(s) = 2*s - 9. Suppose 5*j = -2*z + 39, -5*z - 2*j + 4*j + 54 = 0. Suppose -2*k - 2*a + z = -0*a, -2*a - 30 = -5*k. List the prime factors of p(k).
3
Let g = -15 - -17. Suppose 45 = 2*u + 3*c, -g*c + 92 = 4*u + 2*c. List the prime factors of u.
2, 3
Suppose 11 + 5 = 4*z + 3*f, -2*z = -f - 18. Suppose -z*s + 75 = -4*s. List the prime factors of s.
5
Let s(t) = -126*t**3 + t**2 - t - 1. What are the prime factors of s(-1)?
127
Suppose -2*d - 3*d - 30 = 0. Let b be (-4)/d + (-8)/(-6). Suppose -b*o = o - 36. List th